650.
18
Calculate the highest common factor of 1870 and 2108.
34
Calculate the greatest common factor of 1024 and 32.
32
Calculate the greatest common divisor of 60 and 12.
12
What is the highest common factor of 91 and 52?
13
What is the highest common divisor of 383 and 1?
1
What is the highest common divisor of 84 and 126?
42
What is the greatest common divisor of 126 and 532?
14
Calculate the greatest common factor of 1002 and 246.
6
Calculate the greatest common factor of 1394 and 82.
82
What is the highest common divisor of 221 and 3468?
17
What is the highest common factor of 656 and 4?
4
Calculate the greatest common divisor of 369 and 492.
123
Calculate the highest common divisor of 300 and 200.
100
What is the highest common factor of 75 and 825?
75
Calculate the highest common divisor of 112 and 847.
7
What is the greatest common factor of 128 and 32?
32
Calculate the highest common factor of 44 and 11.
11
Calculate the highest common factor of 27 and 1377.
27
Calculate the highest common divisor of 88 and 979.
11
What is the highest common divisor of 5925 and 711?
237
Calculate the greatest common factor of 14 and 2954.
14
What is the greatest common factor of 20 and 1828?
4
What is the greatest common divisor of 3 and 9?
3
What is the highest common factor of 177 and 3?
3
Calculate the greatest common factor of 104 and 884.
52
What is the highest common factor of 6 and 606?
6
Calculate the greatest common factor of 654 and 102.
6
What is the greatest common factor of 118 and 6?
2
Calculate the highest common factor of 2904 and 22.
22
Calculate the greatest common divisor of 1 and 282.
1
Calculate the highest common divisor of 194 and 10.
2
Calculate the highest common divisor of 168 and 1988.
28
Calculate the highest common divisor of 27 and 684.
9
Calculate the highest common divisor of 444 and 12.
12
Calculate the greatest common divisor of 276 and 24.
12
What is the highest common divisor of 430 and 580?
10
What is the highest common divisor of 444 and 111?
111
What is the greatest common factor of 11 and 363?
11
Calculate the highest common divisor of 17 and 3383.
17
What is the greatest common divisor of 6123 and 314?
157
Calculate the greatest common divisor of 1038 and 60.
6
Calculate the greatest common factor of 96 and 32.
32
What is the highest common divisor of 11781 and 154?
77
Calculate the greatest common factor of 518 and 1998.
74
Calculate the greatest common divisor of 90 and 414.
18
Calculate the greatest common factor of 74 and 111.
37
Calculate the greatest common divisor of 1701 and 99.
9
Calculate the greatest common factor of 17 and 24361.
17
What is the highest common divisor of 30 and 85?
5
What is the greatest common divisor of 4814 and 638?
58
What is the highest common factor of 181 and 3439?
181
What is the highest common factor of 63 and 175?
7
Calculate the highest common factor of 47 and 141.
47
What is the highest common divisor of 657 and 45?
9
What is the greatest common factor of 18 and 144?
18
Calculate the greatest common divisor of 120 and 1320.
120
What is the highest common divisor of 33 and 5181?
33
What is the greatest common divisor of 11061 and 9?
9
Calculate the greatest common factor of 126 and 630.
126
Calculate the highest common factor of 10 and 730.
10
Calculate the greatest common divisor of 321 and 107.
107
Calculate the greatest common divisor of 18 and 342.
18
What is the greatest common divisor of 3355 and 66?
11
What is the highest common factor of 220 and 330?
110
Calculate the highest common divisor of 940 and 40.
20
What is the greatest common divisor of 187 and 55?
11
What is the highest common factor of 75 and 1515?
15
What is the greatest common divisor of 204 and 84?
12
Calculate the highest common divisor of 44 and 228.
4
What is the highest common divisor of 43232 and 28?
28
Calculate the highest common factor of 2 and 1581.
1
What is the greatest common divisor of 12546 and 1989?
153
Calculate the highest common factor of 728 and 420.
28
Calculate the greatest common divisor of 867 and 17.
17
Calculate the greatest common factor of 57 and 86127.
57
Calculate the highest common divisor of 1771 and 2079.
77
What is the greatest common divisor of 88 and 1144?
88
What is the highest common divisor of 754 and 26?
26
Calculate the greatest common factor of 150 and 24.
6
Calculate the greatest common factor of 1269 and 27.
27
Calculate the highest common divisor of 558 and 144.
18
What is the greatest common factor of 455 and 130?
65
What is the highest common factor of 270 and 315?
45
What is the highest common divisor of 1750 and 50?
50
Calculate the highest common divisor of 107 and 856.
107
Calculate the highest common factor of 207 and 276.
69
Calculate the highest common factor of 104 and 4628.
52
What is the greatest common factor of 4 and 466?
2
Calculate the greatest common divisor of 1267 and 21.
7
Calculate the highest common divisor of 4343 and 404.
101
Calculate the greatest common divisor of 250 and 40.
10
What is the greatest common factor of 18832 and 80?
16
What is the highest common divisor of 749 and 49?
7
What is the greatest common factor of 15719 and 11?
11
What is the greatest common divisor of 146 and 21243?
73
What is the highest common factor of 440 and 14740?
220
Calculate the highest common divisor of 33228 and 104.
52
Calculate the greatest common factor of 22 and 77.
11
Calculate the highest common factor of 2 and 134.
2
Calculate the highest common factor of 306 and 2958.
102
Calculate the highest common divisor of 35 and 315.
35
What is the highest common divisor of 20 and 68?
4
Calculate the greatest common divisor of 63 and 56.
7
What is the highest common divisor of 8 and 2594?
2
Calculate the greatest common divisor of 559 and 13.
13
What is the highest common factor of 171 and 18?
9
What is the highest common divisor of 480 and 540?
60
What is the greatest common divisor of 141 and 940?
47
What is the highest common divisor of 119 and 14?
7
What is the greatest common factor of 273 and 1417?
13
Calculate the highest common divisor of 34 and 11509.
17
Calculate the highest common divisor of 425 and 12410.
85
Calculate the highest common factor of 166 and 58764.
166
What is the highest common divisor of 2190 and 6?
6
Calculate the highest common factor of 45683 and 11.
11
What is the greatest common divisor of 4378 and 4?
2
What is the highest common divisor of 3468 and 66?
6
Calculate the greatest common divisor of 340 and 136.
68
What is the greatest common divisor of 936 and 24024?
312
Calculate the greatest common divisor of 252 and 144.
36
Calculate the greatest common divisor of 24 and 44376.
24
Calculate the highest common divisor of 1296 and 144.
144
Calculate the highest common divisor of 42 and 48.
6
Calculate the greatest common divisor of 8 and 512.
8
Calculate the highest common factor of 134 and 15209.
67
Calculate the highest common divisor of 70 and 980.
70
What is the highest common factor of 287 and 14801?
41
What is the highest common factor of 594 and 176?
22
Calculate the greatest common factor of 9 and 9.
9
Calculate the greatest common factor of 650 and 806.
26
Calculate the greatest common factor of 1660 and 3154.
166
What is the greatest common divisor of 312 and 1482?
78
What is the greatest common factor of 20 and 60?
20
Calculate the greatest common factor of 3906 and 126.
126
What is the highest common divisor of 6 and 1686?
6
What is the greatest common divisor of 40 and 256?
8
Calculate the greatest common factor of 21 and 1197.
21
What is the highest common factor of 99 and 462?
33
What is the highest common factor of 1965 and 10?
5
Calculate the greatest common divisor of 36 and 333.
9
What is the highest common factor of 513 and 54?
27
What is the greatest common factor of 182 and 78?
26
What is the greatest common divisor of 12198 and 76?
38
What is the greatest common divisor of 21 and 7?
7
What is the greatest common divisor of 1435 and 70?
35
What is the highest common factor of 2480 and 480?
80
Calculate the highest common divisor of 21 and 75453.
21
What is the greatest common divisor of 666 and 18?
18
Calculate the greatest common factor of 448 and 28.
28
What is the greatest common factor of